
True
Is 2386274190 a multiple of 7730?
True
Does 31 divide 12294697?
False
Does 3085 divide 491288817?
False
Does 71 divide 33352225?
False
Does 5298 divide 2326844514?
True
Is 320537266 a multiple of 569?
False
Is 11 a factor of 3771790?
True
Is 42 a factor of 122732084?
False
Is 118160302 a multiple of 559?
True
Does 64 divide 1345754992?
False
Is 632 a factor of 145136768?
False
Does 399 divide 13584753?
True
Is 128241637 a multiple of 8?
False
Does 1546 divide 159664696?
True
Is 35 a factor of 31032959?
False
Is 72714124 a multiple of 7?
True
Does 195 divide 25709162?
False
Does 8 divide 56937081?
False
Is 24 a factor of 1216549663?
False
Is 14 a factor of 12747253?
False
Does 22 divide 1161064023?
False
Is 3582 a factor of 46676357?
False
Is 150366487 a multiple of 3395?
False
Does 28 divide 134844098?
False
Is 54 a factor of 68803398?
True
Is 720 a factor of 126279908?
False
Is 328 a factor of 3300336?
True
Does 697 divide 37302926?
False
Is 5 a factor of 65565280?
True
Is 3128 a factor of 639657902?
False
Is 572 a factor of 342373602?
False
Does 3599 divide 2706114675?
False
Is 62915776 a multiple of 77?
True
Is 257 a factor of 29025125?
False
Is 109927216 a multiple of 52?
False
Is 19182341 a multiple of 17?
True
Is 12 a factor of 265984330?
False
Does 50 divide 25484484?
False
Does 265 divide 678878325?
True
Does 1136 divide 425772881?
False
Is 663561750 a multiple of 19?
False
Is 5826 a factor of 81384919?
False
Does 65 divide 4044160?
False
Does 260 divide 43510489?
False
Does 238 divide 1312094?
True
Is 102022486 a multiple of 93?
False
Is 157770943 a multiple of 2909?
False
Does 486 divide 169117689?
False
Is 90 a factor of 39438241?
False
Is 41882602 a multiple of 19?
False
Does 89 divide 346917372?
True
Does 3945 divide 71696430?
True
Is 183284229 a multiple of 5?
False
Is 177573214 a multiple of 3731?
True
Is 799 a factor of 859875011?
True
Is 87693540 a multiple of 44?
True
Is 5 a factor of 922255850?
True
Does 6 divide 221592006?
True
Does 202 divide 167113792?
True
Is 1336 a factor of 4084152?
True
Is 1628 a factor of 889020168?
False
Is 1367428772 a multiple of 626?
False
Is 64 a factor of 2370263287?
False
Does 54 divide 529285644?
True
Is 177 a factor of 121248579?
False
Is 832799160 a multiple of 531?
True
Is 1205 a factor of 16724195?
True
Is 738 a factor of 12547236?
False
Is 22 a factor of 743490802?
False
Is 5 a factor of 1206545?
True
Is 290191579 a multiple of 25?
False
Does 13 divide 99708989?
False
Does 100 divide 155806455?
False
Is 182212672 a multiple of 16?
True
Is 260 a factor of 779844000?
True
Is 999267401 a multiple of 558?
False
Does 2293 divide 14371224?
False
Does 21 divide 464756208?
True
Does 24 divide 1412056423?
False
Does 375 divide 6073064250?
True
Does 3274 divide 2092331550?
True
Is 1664685065 a multiple of 365?
True
Is 155043954 a multiple of 3754?
True
Does 15 divide 1060501815?
True
Is 42567760 a multiple of 788?
True
Is 21372162 a multiple of 238?
True
Is 44 a factor of 356055144?
False
Is 1086937397 a multiple of 29?
False
Does 49 divide 53023483?
False
Does 1319 divide 33969852?
False
Does 664 divide 558381504?
True
Does 1320 divide 281789640?
True
Is 41360550 a multiple of 75?
True
Does 72 divide 10446604?
False
Does 2707 divide 78023861?
True
Does 169 divide 150142304?
True
Is 632 a factor of 15863832?
True
Does 49 divide 92081969?
False
Is 67833084 a multiple of 83?
False
Does 44 divide 1691465820?
True
Is 3635 a factor of 20814010?
True
Does 1490 divide 19530920?
True
Is 11560 a multiple of 8?
True
Is 40 a factor of 177966000?
True
Is 2175 a factor of 892137150?
True
Does 14 divide 89239880?
False
Does 30 divide 126515520?
True
Is 2291 a factor of 24469981?
False
Is 72 a factor of 295860384?
True
Is 2376273058 a multiple of 5?
False
Is 160185690 a multiple of 7?
True
Does 4 divide 2270772?
True
Is 66710764 a multiple of 1097?
True
Is 95 a factor of 1117519736?
False
Does 107 divide 39235402?
True
Is 153 a factor of 1293174819?
True
Is 18 a factor of 24902587?
False
Is 247143036 a multiple of 3521?
False
Does 16 divide 30533440?
True
Is 3748 a factor of 167052196?
False
Is 207 a factor of 52402163?
False
Does 1917 divide 930218856?
False
Is 334791059 a multiple of 749?
False
Is 21740034 a multiple of 6?
True
Is 353549717 a multiple of 41?
False
Is 1235512 a multiple of 4?
True
Does 2494 divide 483976158?
False
Does 954 divide 5000767830?
True
Does 223 divide 12879588?
True
Does 94 divide 41413392?
True
Does 58 divide 1257935958?
True
Is 7093 a factor of 3085731627?
True
Is 6 a factor of 146731114?
False
Does 670 divide 9596753?
False
Does 47 divide 125500763?
True
Is 179 a factor of 3814970?
False
Does 660 divide 231395340?
True
Is 957 a factor of 98471053?
False
Is 505 a factor of 15341167?
False
Is 60 a factor of 6314121?
False
Is 8181 a factor of 168643134?
True
Is 48868837 a multiple of 733?
False
Does 5 divide 4131100?
True
Is 174225420 a multiple of 275?
False
Does 5755 divide 191123550?
True
Does 361 divide 122652806?
False
Is 30010299 a multiple of 141?
True
Does 14 divide 105779044?
True
Does 681 divide 82968954?
True
Is 44 a factor of 29005500?
False
Is 274837571 a multiple of 248?
False
Is 70 a factor of 1071227183?
False
Is 33 a factor of 54417541?
False
Does 2572 divide 492975240?
True
Is 5906560 a multiple of 40?
True
Is 11611312 a multiple of 16?
True
Is 40 a factor of 17467960?
True
Is 2461747 a multiple of 23?
False
Is 47368492 a multiple of 45?
False
Is 203013237 a multiple of 7?
True
Is 181603530 a multiple of 18?
True
Is 421406370 a multiple of 4851?
True
Does 192 divide 181015981?
False
Does 24 divide 8331666?
False
Is 213337792 a multiple of 688?
True
Is 382 a factor of 65537448?
True
Is 2765 a factor of 490350880?
False
Does 10 divide 378097175?
False
Is 34447944 a multiple of 107?
False
Is 312 a factor of 92008912?
False
Is 922 a factor of 1054539209?
False
Does 39 divide 15276807?
True
Is 641437071 a multiple of 17?
False
Is 232713497 a multiple of 31?
True
Does 34 divide 314083636?
True
Is 45088815 a multiple of 365?
True
Does 14 divide 547539062?
True
Does 363 divide 92788812?
False
Is 42 a factor of 2327556?
True
Is 13 a factor of 34226543?
True
Is 1222174676 a multiple of 17?
True
Does 29 divide 51580671?
False
Does 2120 divide 244588381?
False
Is 101508171 a multiple of 824?
False
Does 7 divide 15056418?
False
Is 248425558 a multiple of 72?
False
Is 48 a factor of 67240380?
False
Does 95 divide 1667535?
True
Does 1091 divide 933940731?
True
Does 744 divide 19796352?
True
Is 29434160 a multiple of 28?
True
Is 20 a factor of 1588748880?
True
Is 67 a factor of 362026650?
False
Is 255 a factor of 139185189?
False
Is 991105658 a multiple of 728?
False
Does 42 divide 33366051?
False
Is 14716710 a multiple of 9090?
True
Is 282 a factor of 35405946?
True
Is 12 a factor of 245140731?
False
Is 838209971 a multiple of 399?
False
Is 13 a factor of 1918601087?
True
Is 1898 a factor of 6952374?
True
Is 5 a factor of 551836745?
True
Is 282744520 a multiple of 17?
False
Is 4171 a factor of 807635211?
False
Is 142 a factor of 528666?
True
Is 3670 a factor of 20196010?
True
Is 1886 a factor of 14373206?
True
Is 32911505 a multiple of 59?
False
Is 34 a factor of 39943126?
False
Is 107390097 a multiple of 23?
False
Is 27 a factor of 10180053?
True
Is 4951438226 a multiple of 19?
False
Is 1252937690 a multiple of 730?
True
Does 41 divide 57019520?
True
Does 78 divide 42117856?
False
Does 1070 divide 189559060?
True
Does 65 divide 22543040?
True
Does 1556 divide 496436599?
False
Is 2621 a factor of 505766507?
True
Does 4 divide 30321884?
True
Does 70 divide 963819888?
False
Does 18 divide 1495646549?
False
Is 34391736 a multiple of 18?
True
Is 696154 a multiple of 265?
False
Is 3125290 a multiple of 14?
True
Does 258 divide 5183366028?
True
Is 158 a factor of 15012331?
False
Does 14 divide 80194399?
False
Is 1085531679 a multiple of 104?
False
Is 280 a factor of 102393733?
False
Is 50664096 a multiple of 252?
True
Does 1584 divide 279419221?
False
Is 108176992 a multiple of 56?
True
Is 39355355 a multiple of 240?
False
Is 163 a factor of 33274494?
True
Does 39 divide 16774485?
True
Is 27156428 a multiple of 615?
False
Is 4765 a factor of 921987679?
False
Does 9 divide 171